te number?
True
Let j(m) = -m**2 - 2*m + 5. Let t(n) = n + 1. Let u(r) = j(r) - 5*t(r). Let s be u(-7). Let i(p) = -p**2 + 34. Is i(s) prime?
False
Let y = -16 + 78. Is y composite?
True
Suppose 4*b - 2*i = 60, 3*b + i - 22 = 28. Suppose -4*d = -b, 2*d + 695 = 5*v - 3*d. Is v prime?
False
Is (-6268)/(-5) - 42/70 a composite number?
True
Suppose -3 = -v - 2*k, -v = -3*k + 2*k. Let r be v + -1 + 1 + -2. Is -19*(2/2)/r prime?
True
Let j = -3224 - -5657. Is j a prime number?
False
Let i be (-3)/(-3) - 3 - -16. Let m = i - -1. Is m composite?
True
Suppose -g + 60 = 4*g. Let k be 1095/g - 3/12. Let j = k + -36. Is j a prime number?
False
Let r(p) = -2*p - 1. Let j be r(-2). Let x(g) = 5*g**3 - 4*g + 4. Is x(j) composite?
False
Let z = 22 - -92. Suppose -x - 9 = n - z, -2*x + 209 = 3*n. Is x prime?
False
Let g(f) = -4*f**3 + 13*f**2 - 4*f + 6. Let k(l) = -3*l**3 + 12*l**2 - 3*l + 5. Let t(y) = 6*g(y) - 7*k(y). Is t(-4) prime?
True
Let w(y) = 5*y**2 - y - 5. Let k = 19 - 11. Is w(k) composite?
False
Let d = 281 - 154. Is d composite?
False
Let a = -395 + 648. Let q = a + -176. Is q a prime number?
False
Let p(v) = -v**3 + 3*v + 5. Let u be p(4). Let z = u + 70. Is z a composite number?
False
Suppose 0 = x + 3*s + 13, 6*x = 2*x + 2*s + 18. Suppose 0 = x*f - 5*f + 9. Suppose 0*h = f*h - 18. Is h prime?
False
Is (-2)/(-8) + (-2646)/(-8) prime?
True
Let t(l) = 2*l - 7. Let j be t(6). Suppose -j*g - 79 = -4*o, 2*g + 64 = 3*o + 3*g. Is o prime?
False
Suppose -12 = -4*v - 0*a - 2*a, 4*a = -3*v - 1. Is v*(0 + (-807)/(-15)) a composite number?
False
Let q(c) = -c**2 - 5*c + 7*c**2 - 5*c**2 - 1. Let m be q(6). Suppose -m*d = -3*d - 106. Is d composite?
False
Suppose -3 = -4*n + 41. Let g(r) = 24*r - 7. Is g(n) composite?
False
Suppose 5*m = -3*s - 28, s - 4*m + 0*m - 19 = 0. Is s*(2 - -87)*-1 a composite number?
False
Suppose 3*w - 1309 = -4*x, 5*w - w + 1344 = 4*x. Is x prime?
True
Suppose -4*x - 140 = -2776. Is x a prime number?
True
Suppose -2*b - 5 = -5*b - 4*l, 17 = 5*b - 2*l. Suppose 2*k - 152 = 3*x, 0 = -b*k + 3*x - x + 223. Let g = k + 6. Is g prime?
True
Let o = 129 + 82. Is o a composite number?
False
Suppose -212 = -12*c + 8*c. Is c prime?
True
Let n(a) = -21*a - 1. Let o be n(-5). Suppose 3*q - 277 = o. Is q a composite number?
False
Suppose -o = 2*o - 111. Is o a prime number?
True
Let c(s) = -2*s**2 - 1. Let a be c(1). Let j be a/12*2*-4. Is ((-2)/4)/(j/(-56)) prime?
False
Let b be (-8)/(-20) + (-204)/10. Let y = 73 + b. Is y a composite number?
False
Let r(b) = -2*b**3 + 23*b**2 + 10*b + 14. Let a(v) = v**3 - 12*v**2 - 5*v - 7. Let w(t) = 11*a(t) + 6*r(t). Let m = 9 - 4. Is w(m) composite?
True
Let f(h) = 12*h**2 + 2*h + 5. Let o be 6/(-4) + (-22)/(-4). Is f(o) a composite number?
True
Let s(c) = 3*c**3 - 34*c**2 - 3*c - 1. Is s(15) a prime number?
False
Suppose 5*c - 19 = 2*q, -2*q = -5 - 1. Suppose -3*x + 2*h = -5*x + 42, -85 = -c*x + 5*h. Let z = x - 12. Is z a prime number?
True
Suppose -5*w + 6*d - 1 = 2*d, 0 = 3*w - 2*d + 1. Let z = w + 1. Suppose -3*n = -5*t - 89 + 12, z = 3*t + 12. Is n composite?
False
Suppose -4*z - g - 68 = -3*g, g + 2 = 0. Let q = z - -77. Is q a composite number?
False
Suppose -3*a + 8 - 2 = 0. Let c be (1 - 3)/(a/282). Is c/(-4)*(-2)/(-3) composite?
False
Let u be 1*-1*(-2 + -1). Suppose -2*b + 103 = h + u*b, -4*b = 8. Is h a composite number?
False
Let d(q) be the first derivative of -4*q**2 - q + 1. Suppose -4*f = -f - 5*j + 22, 4*f + 4*j + 8 = 0. Is d(f) prime?
True
Suppose -3*r + 4*r - 3 = 0. Suppose 5*a - r*o - 143 = 0, -5*a + 4*o = 2*o - 147. Is a a prime number?
True
Is 1/((-3)/(-12)) + 439 prime?
True
Let n(v) = v**3 + 5*v**2 + v + 5. Let s be n(-5). Suppose s = -4*t + 93 + 219. Let b = 131 - t. Is b composite?
False
Suppose 68*t - 1581 = 65*t. Is t prime?
False
Suppose -u - 185 + 2052 = 0. Is u composite?
False
Suppose 3*t + 3*q = 21, 5*t - 85 = 6*q - q. Suppose -223 = 3*a - f - 87, -3*f = -t. Is (-6)/33 - 3660/a a composite number?
False
Let a(f) = -811*f - 16. Is a(-5) prime?
False
Let d(s) = 81*s**2 + 13*s + 13. Let l(u) = -20*u**2 - 3*u - 3. Let a(q) = -2*d(q) - 9*l(q). Is a(4) a prime number?
True
Let g(u) = -5*u**2 + 8*u**3 + 6 - 2*u**3 - 6*u + 4*u**2. Is g(7) composite?
False
Let p(q) = 758*q. Let s be p(5). Let f be (-2)/12 - s/(-60). Suppose -f = -4*m + 29. Is m a composite number?
False
Let k(j) = -3*j. Let v be k(2). Is 2/(-3) - 3346/v prime?
True
Let y be 365/10*(-3 + 1). Let t = y + 138. Is t a prime number?
False
Let k be (-3 + 6 + -3)/2. Suppose -o + 0*o + 17 = -5*r, k = 4*o - r - 144. Is o a prime number?
True
Let z = -3 + 3. Let q be 12/5 - (-4)/(-10). Suppose q*r = -o + 45, z*r + 30 = r - o. Is r a composite number?
True
Let s be -3*(-3 - (-33)/9). Is (s - 12)*(-11)/2 composite?
True
Let f(r) = r**3 + 8*r**2 + 4*r + 9. Let d be f(-8). Let u = d - -51. Let s = 41 - u. Is s prime?
True
Let p(x) = -x - 1. Let g be p(-4). Suppose g*z + 12 = 2*t - t, -4*t - z = -9. Suppose 0 = s + t*s - 140. Is s a composite number?
True
Let o = 315 + -121. Is o composite?
True
Let i(l) = 46*l + 3. Is i(4) a prime number?
False
Suppose -v + 2*o + 3433 = -6*v, -4*o + 691 = -v. Let p be (8/(-6))/(-4)*v. Let u = 320 + p. Is u composite?
True
Suppose 37 + 5 = 2*c. Suppose c*s - 23*s + 114 = 0. Is s a prime number?
False
Is (-6)/(-4)*62/3 a prime number?
True
Suppose 0 = 7*u - 10*u + 2001. Is u a composite number?
True
Let o be (183/2)/3*16. Suppose -4*k + 480 = 2*l, -l = 4*k - 3*l - o. Is k a prime number?
False
Let l = 1298 + -871. Is l prime?
False
Suppose -5*h + 5*y = -1175, -4*h = -6*h + 3*y + 468. Is h a prime number?
False
Let z(r) = 4*r**2 + 16*r + 2. Is z(-20) a prime number?
False
Let g(k) = 5 + 10 + 0*k**3 + 13*k**2 + 2*k + k**3. Let t = 9 - 19. Is g(t) a composite number?
True
Suppose 2*o - 4*o = -64. Suppose 0 = -0*f - 4*f - 52. Let j = f + o. Is j prime?
True
Let d(c) = -3*c - 4. Let i be d(-2). Suppose 0*a - i*a + 166 = 0. Is a a prime number?
True
Suppose 11 = 4*i + 3, 3*f = 5*i - 406. Let y(a) = a**3 - 13*a**2 + 11*a - 1. Let k be y(10). Let h = f - k. Is h composite?
False
Let g(w) be the first derivative of 2*w**3 + 4*w**2 + 3*w - 1. Is g(-5) a prime number?
True
Let b(o) = -12*o + o - 18*o + 4. Is b(-3) composite?
True
Let t(h) = 44*h + 3. Is t(19) a prime number?
True
Let g(u) = 37 + 0*u + 0*u - u. Suppose 4*w - 25 = 5*q, 5*w - 4*w + 2*q + 10 = 0. Is g(w) a prime number?
True
Let m be 0 - (-5)/(10/4). Let d be 2 + m/(-1) + 4. Suppose -3*g - 59 = -k, 118 = 2*k - g - d*g. Is k a prime number?
True
Let d be 3 + -6 - (-18)/2. Suppose 3*u - 2*n = 22, 4*u - 3*n + 5*n - d = 0. Suppose -478 = -u*v + 406. Is v a prime number?
False
Suppose -4*t + 97 + 27 = 0. Is t a composite number?
False
Let p(v) = -v**3 + 6*v**2 + 8*v - 1. Let z be p(7). Let f = 13 - z. Is f a composite number?
False
Suppose -h = 2, -4*i + 1170 = h - 0*h. Is i composite?
False
Let g(c) = -c**3 + 6*c**2 + c + 3. Let s = 8 - 14. Let y be g(s). Is (-4)/6 + y/9 a prime number?
True
Let b(w) be the second derivative of 4*w**4/3 - w**3/6 - 3*w**2/2 + 5*w. Is b(2) prime?
True
Let r = -66 + 82. Suppose 0 = t + v + 5, 0*v + 3*v = -t - 3. Let h = r - t. Is h composite?
True
Let o be -14*((-2)/4 + 0). Suppose -5*q = -2*y + 7*y + 35, 10 = -2*q. Is o/2 - (-1)/y a prime number?
True
Let x(v) = -27*v**3 + 4*v**2 + 9*v - 9. Is x(-5) a composite number?
True
Let f = -14 + 13. Let j(m) = -720*m - 1. Is j(f) a composite number?
False
Let i(b) = -b + 17. Let d be i(7). Suppose 2*c = 4*c - 5*s - 25, 4*c + d = -2*s. Is -93*(-3)/(c + 9) prime?
True
Let y(z) = -43*z - 4. Is y(-5) composite?
False
Let o be 0/(3*(-1)/(-3)). Is 0/6 - (o - 14) a composite number?
True
Let r(l) = 157*l**3 + l**2 - l. Let a = -6 + 7. Is r(a) composite?
False
Let z be 1*2 - (-3 - -5). Suppose z = -o + q, -5*o = -6*o + 3*q - 8. Suppose 0 = b - o*b + 105. Is b a composite number?
True
Let a = -741 - -1048. Is a a prime number?
True
Let q(t) = t**2 + 2*t - 7. Let j be q(3). Is -7 + j + 82 + 0 composite?
False
Suppose 2*u = -4*c + 1798, u - c + 3624 = 5*u. Is u a prime number?
True
Suppose 3*l - 5*c - 312 - 98 = 0, c = -l + 150. Is l composite?
True
Let c be (-3)/(-12) + 55/4. Let g = c + 0. Is g composite?
True
Let v be 1*-2*2/(-4). Is 83 - (2 - v - 3) a composite number?
True
Le